. Let o(h) = -3*h - 2. Let m(w) = v*f(w) - o(w). What is m(d)?
1
Let s be (9*(-7)/105)/(2/(-10)). Let f(a) = 0 + a**2 + 2*a - 2 - 4*a. Determine f(s).
1
Let d(t) = -3*t**3 - 2*t**2 - 5*t - 1. Let u(c) = 16*c**3 + 10*c**2 + 26*c + 4. Let o(m) = 11*d(m) + 2*u(m). Give o(-2).
3
Let l(w) = w + 4. Let t(j) = -j**3 + 4*j**2 + 3*j - 3. Let m be t(4). Let s = 12 - m. Calculate l(s).
7
Let l = -7 + 1. Let f(r) = r**3 + r**2 + 6*r + 3. Let c(h) = h**2 + 1. Let i(d) = l*c(d) - f(d). Calculate i(-6).
-9
Let l = -12 - -9. Let m be l/(-2 + 3 - 2). Let h(p) = -p**3 + 2*p**2 + 2*p. Determine h(m).
-3
Let d(g) = -3*g**2 + g + 3. Let h(v) = 6*v**2 - 3*v - 7. Let k(f) = 5*d(f) + 2*h(f). Suppose -7*w + 3*w = -5*y - 15, -5*y - 10 = -3*w. Determine k(y).
-3
Suppose 17 = 5*s - 3*k + 7*k, 23 = 5*s + k. Suppose -y + 3 = 1. Let c(t) = t - t**2 + s - 2*t**2 + 1 - t**3 - y. What is c(-3)?
1
Let v(f) be the second derivative of f**5/20 + f**4/6 + f**3/3 + f**2/2 + f. Suppose 3*i + 5*l + 18 = 0, -i - 2*l - 8 = i. Let p = -2 - i. Calculate v(p).
0
Let q(o) = 11*o**3 - 3*o**2 + 2*o + 9. Let x(d) = 7*d**3 - 2*d**2 + d + 6. Let r(k) = -5*q(k) + 8*x(k). What is r(2)?
3
Let i(m) = -3*m**3 + 0*m**2 + 4*m**3 - 2 + m**2 - 7*m**2 + 5*m. Give i(4).
-14
Let f(j) = -2*j**2 + 5 - j + j**2 + 175*j**3 - 174*j**3. Calculate f(0).
5
Let v(n) be the first derivative of n**4/4 - 5*n**3/3 + 2*n**2 + 3*n + 27. Determine v(4).
3
Suppose -2*b + 2 = -4*q + 14, -5*b + q - 12 = 0. Let k(a) = -2*a**2 - 5 + 3*a**2 + 4 + 4*a - a**3 - 3*a. What is k(b)?
9
Let w(x) = -x - 2. Let j be (-4)/(-6)*36/8. Calculate w(j).
-5
Let v(y) = -6*y**3 + 2*y**2 - 2*y + 1. Let p = 11 - 7. Suppose 0 = -0*f + f - p*s - 9, -s - 6 = -4*f. Determine v(f).
-5
Let x(a) = -a**3 + 6*a**2 - 4*a - 4. Let i be (2 - (-2 + 5))*4. Let c(s) = -s**3 - 4*s**2 + 5. Let l be c(i). Give x(l).
1
Let a(w) = 2*w**2 - 7*w - 5. Let n be a(5). Let g(k) = k - 18. Determine g(n).
-8
Let n(g) = g**3 + 5. Let o be ((-4)/(-8))/(1/4). Suppose -4*u + 14 = -0*w + 5*w, -5*u = -o*w - 34. Suppose -2*x = -d - 5, u*d = -3*x + 4*d - 10. What is n(x)?
5
Let a(h) = 2*h - 17*h**2 - 13*h**2 + 29*h**2 + 3. Determine a(-2).
-5
Let u be 1 - (1 - -1*2). Let s be (9/(-6))/(u/4). Let z(m) = -m**2 + 5*m - 1. What is z(s)?
5
Let a(f) = 5*f - 2*f + 2 - 3*f - 3*f. Calculate a(3).
-7
Suppose -4*o + 3*u = 5 - 14, -4*o = -u - 11. Let q(t) be the third derivative of t**5/60 - t**4/12 + t**3/2 - 3*t**2. Determine q(o).
6
Let d(c) = -c**2 + 3*c + 5. Suppose -13 = -3*n - 1. What is d(n)?
1
Let r(i) = 2*i - 3. Suppose 2*g = -t - 3, 5*g + 0*g - 3 = -4*t. Give r(t).
11
Suppose 3*b = -11 - 1. Let o = 6 + b. Let z(v) = -v**2 + v + 2. What is z(o)?
0
Let f(v) be the second derivative of -v**5/20 + v**4/6 + 3*v**2/2 - 3*v. Give f(3).
-6
Let p(z) = -z**2 - 4*z + 3. Let x be p(-4). Let r(i) = x*i**3 + i**3 + i**3. Suppose 6*n = n + f - 5, -f + 2 = -2*n. Give r(n).
-5
Let d(o) = o**2 - o + 3. Suppose 3*r - 3*p - 25 + 4 = 0, r + p = -1. What is d(r)?
9
Let l(y) = y**3 - 3*y**2 - 4*y + 3. Let a be l(4). Let t be (0 + -2 - 0) + a. Let b(f) = -5 + 5 + 10*f. What is b(t)?
10
Let a(j) be the first derivative of 7*j**3/3 + j**2/2 - 5. Calculate a(1).
8
Let h(s) = 3*s - 1. Let q = -11 + 14. Let a be q/6*-10 + 2. Give h(a).
-10
Let s(i) = -6*i - 1. Let a(z) = -1. Let m(v) = v + 5. Let q be m(-6). Let t(b) = q*s(b) + 2*a(b). Give t(1).
5
Let f(l) = -3*l - 1. Let i be f(-2). Let g(h) = -3*h**2 - 4 + h**3 + 1 + i + 0. Determine g(2).
-2
Let t(z) = -7*z**3 - 5*z**2 + 5*z + 1. Let i(d) = 4*d**3 + 3*d**2 - 3*d. Let x(g) = -5*i(g) - 3*t(g). Let o = 1 - 1. Give x(o).
-3
Let n = -8 - -7. Let p(i) = -i**2 - 1. Let w(r) = 7*r**2 + 6*r + 7. Let f(d) = n*w(d) - 5*p(d). Determine f(-4).
-10
Let k be -3 + 0*(-2 + 1). Let q = k + 7. Let p(i) = -4 + i + 4 + q. Calculate p(-5).
-1
Let b(k) = 10*k - 2. Let j(w) = 7*w - 1. Let p(g) = 5*b(g) - 7*j(g). Let h be (4/(-3))/((-1)/3). Determine p(h).
1
Let w(r) be the second derivative of r**3/2 - r**2/2 - r. Calculate w(3).
8
Let c(j) = -4 + 3 + 5*j + 2. Give c(-3).
-14
Let u(c) = -6*c + 8. Let b(g) = 5*g - 7. Suppose 4*w - 20 = -0*w. Let d(k) = w*b(k) + 4*u(k). Suppose 3*a + 8 = -4*h + 31, -7 = -2*h + 3*a. What is d(h)?
2
Let v(m) = -m**3 + 3*m**2 + m. Let l = 5 - 5. Suppose l + 4 = r. Suppose 3*d - 4*f - f - r = 0, -d + 2*f + 1 = 0. Determine v(d).
3
Let h(f) = 9*f**2 + 6*f - 10. Let s(x) = 0*x + 7 - 4*x**2 - 3*x - 2. Let i(g) = -3*h(g) - 7*s(g). Let p be (1 + 1)*(1 + -3). Calculate i(p).
-1
Let a(k) be the first derivative of -k**4/4 - 2*k**3/3 + 3*k**2/2 - 4*k - 1. Let b = -1 + 1. Suppose -3*w + b*w - 9 = 0. Calculate a(w).
-4
Let i(c) = -c**3 - 20*c**2 - c - 27. Let l be i(-20). Let d(y) = -y - 13. Calculate d(l).
-6
Let y(w) be the second derivative of w**6/360 + w**5/40 - w**4/24 - w**3/3 + 3*w. Let o(l) be the second derivative of y(l). Calculate o(-4).
3
Let l(v) = -v**3 - 3*v**2 - v - 1. Let t(u) = 6*u**2 - u + 1. Let d be t(1). Let w = 4 - d. Give l(w).
-3
Let m(q) = 9*q + 2 - 23*q + 11*q. Calculate m(3).
-7
Suppose 4*u - 4*l + 6 = 2*u, 3*l - 12 = -u. Let v(w) = -u*w - w**2 - 10 + 6 - 3*w. Let k = 10 - 15. Determine v(k).
1
Let u(g) = g**2 + 3*g. Let y be u(-2). Let z = -7 - y. Let j(o) = -o**3 - 6*o**2 - 2*o + 4. What is j(z)?
-11
Let d(m) = -2*m + 4. Suppose 4*g - 6 = 10. Calculate d(g).
-4
Let q(o) = -4*o**2 + 2*o + 0*o**3 - 2*o**3 + o**2 - 4 + o**3. Calculate q(-4).
4
Let d(a) = -5*a**3 - 3*a**2 - 3*a - 7. Let r(k) = -6*k**3 - 4*k**2 - 3*k - 8. Let y(v) = 7*d(v) - 6*r(v). Let j be y(-4). Let b(u) = -2*u - 6. Determine b(j).
4
Let k(o) be the first derivative of o**4/4 - 8*o**3/3 - 9*o**2/2 + 3*o + 3. Let a be k(9). Let v(y) = -y**2 + y + 3. Determine v(a).
-3
Let l(j) be the first derivative of j**4/4 + 2*j**3/3 - 3*j**2/2 + 3*j - 10. Determine l(-3).
3
Let c(s) be the second derivative of 1/4*s**4 + 1/2*s**2 + 1/3*s**3 + 5*s + 1/10*s**5 + 0. What is c(-2)?
-7
Let f(s) = -s - s + s + 0. Let h = 6 + -5. Let o be -5 + (h - 2/(-2)). Determine f(o).
3
Let q(o) be the second derivative of -6*o - 3/10*o**5 + 0 + 1/6*o**3 - 1/2*o**2 - 1/12*o**4. What is q(1)?
-7
Let p(t) = -t**2 + 19*t + 3. Let j(u) = -u**2 + 10*u + 2. Let z(f) = -5*j(f) + 3*p(f). Determine z(-5).
14
Let a = -1 - -3. Let j(f) = 0*f**2 + 2*f - f + a*f**2 - f**2 + 5. What is j(0)?
5
Let p(z) = -z**3 + z**2 + 1. Let m = -3 - -2. Let j(g) = -3*g**3 - 3*g**2 - 2*g + 1. Let s(i) = m*j(i) + 2*p(i). What is s(-2)?
9
Let m = 0 - -4. Let r(t) = -t**3 - 20 - 8*t + 8 + 17 + 5*t**2 + t. Determine r(m).
-7
Let k(f) = f**3 + 4*f**2 - 8*f - 6. Let s be ((-10)/(-4))/((-5)/(-10)). Suppose -b - 3*i = -0*b + 20, 5*b - s*i = 0. Calculate k(b).
9
Let i(b) be the second derivative of -b**5/20 - b**4/4 - b**3/3 - 3*b**2/2 - 20*b. Determine i(-2).
-3
Let s(u) = -u**2 + u. Let x(a) = -5*a**2 + 18*a + 9. Let t(v) = 6*s(v) - x(v). Let w be t(-11). Let i(l) = l**3 - 3*l**2 + l. Determine i(w).
-2
Let n(o) = -o + 1. Suppose p + 0 + 2 = 0. Let r(j) = -j - 1. Let m(i) = -4*i - 4. Let l(v) = 2*m(v) - 7*r(v). Let t(z) = p*n(z) - l(z). Determine t(2).
5
Let h(r) = r**3 + r**2 + r. Let n(j) = 2*j**3 + 3*j**2 + 4*j - 2. Let g(q) = -4*h(q) + n(q). Give g(-2).
10
Suppose -7 = 3*p + 8. Let y(n) = n**2 + 8*n + 7. What is y(p)?
-8
Let d(r) be the second derivative of r**3/6 - 3*r**2/2 - r. Let z = 24 + -24. Give d(z).
-3
Let w(a) = a**3 - 3*a**2 + 3. Suppose -q + 4*h = -0*q + 8, 2*h - 4 = -q. Let s be (2/(4/6))/1. Suppose -j + q + s = 0. Give w(j).
3
Let c(b) = b**3 + 5*b**2 - 6*b - 4. Let p be 7/((-7)/4) - 2. Let j be c(p). Let y(g) = g + 1. Calculate y(j).
-3
Let q(f) be the second derivative of f**7/2520 - f**6/360 - f**5/40 - f**4/12 - 4*f. Let u(c) be the third derivative of q(c). Determine u(-2).
5
Let v(t) be the third derivative of t**6/120 - t**5/12 - t**4/4 - 4*t**3/3 + 25*t**2. What is v(6)?
-8
Let i(d) be the second derivative of -d**5/60 + d**4/4 - d**3/2 - 4*d. Let r(g) be the second derivative of i(g). Determine r(6).
-6
Let o be 6 + -1 + 5 + -5. Let z(h) = -h**2 - h - 6*h + 19 + 3*h**2. Let s(q) = q**2 - 3*q + 10. Let k(d) = o*s(d) - 3*z(d). Give k(5).
-2
Let l(s) = 30 + 8*s - 5*s**2 - 12 - s**3 - 12 - 2*s. What is l(-6)?
6
Let d(q) = 8 + 5*q + 2*q**2 - 3 - 3*q**2. Let g be (-17)/(-4) + (-6)/(-8). Let o be d(g). Let t(i) 